24
In base 11, what is 5 - -1343?
1348
In base 15, what is 8b0 + -c?
8a3
In base 12, what is -9 + -720?
-729
In base 4, what is 10 - 130110?
-130100
In base 8, what is 2035 - 45?
1770
In base 5, what is 410 - -133033?
133443
In base 6, what is 2 + 440040?
440042
In base 9, what is 2 + -1222?
-1220
In base 12, what is 5 + 3910b5?
3910ba
In base 3, what is -1001011 - 221?
-1002002
In base 3, what is -102 + -111010011122?
-111010012001
In base 2, what is -1100100110101011101 - -101?
-1100100110101011000
In base 16, what is -92 + 4b2?
420
In base 14, what is -2a + -a84d?
-a879
In base 14, what is 6 - -1a14?
1a1a
In base 16, what is c9 - -14d0?
1599
In base 7, what is -2602 + 245?
-2324
In base 14, what is -5 - -4da5?
4da0
In base 10, what is -1 + 18789?
18788
In base 11, what is -4 + 35a31?
35a28
In base 6, what is -1303033 - -22?
-1303011
In base 9, what is -1252874 + -7?
-1252882
In base 9, what is -476221 - 7?
-476228
In base 11, what is -4 + -10321?
-10325
In base 12, what is 39379 - -1?
3937a
In base 14, what is 12676 - -2d?
126a5
In base 8, what is 1 + -5345541?
-5345540
In base 4, what is 2311122 - -132?
2311320
In base 12, what is 4 + 301862?
301866
In base 7, what is 50 - 215?
-135
In base 5, what is 2403 + -4?
2344
In base 2, what is -1110 - -10000100011010?
10000100001100
In base 3, what is 12 - 220102?
-220020
In base 12, what is 9619 + 5b?
9678
In base 10, what is -24455 - -4?
-24451
In base 3, what is -122202022 - 11120?
-122220212
In base 9, what is -10 - 1386?
-1406
In base 4, what is 2221 + 2103?
10330
In base 6, what is -32245 - 22?
-32311
In base 6, what is -151431 + -10?
-151441
In base 6, what is 2245451 + -42?
2245405
In base 15, what is 1a75 + -1d?
1a57
In base 12, what is 2 - -1aa8?
1aaa
In base 12, what is -5b830 + -2?
-5b832
In base 5, what is 14 + -11003422?
-11003403
In base 4, what is -3 + 113010213?
113010210
In base 2, what is 111110111001 + -111?
111110110010
In base 3, what is -1221020 - -12221111?
11000021
In base 4, what is -221100302 + 2?
-221100300
In base 4, what is -10 + -212323?
-212333
In base 15, what is 13371 - -8?
13379
In base 3, what is 1 - 122102011?
-122102010
In base 13, what is 2219c - 4?
22198
In base 3, what is -12002 - -11?
-11221
In base 14, what is cc - 70b?
-61d
In base 2, what is -100111 - -1000100?
11101
In base 14, what is a45 - -2b?
a72
In base 2, what is -1101110010000 + -11111?
-1101110101111
In base 13, what is -70 - -1698c?
1691c
In base 8, what is 2200 - 72?
2106
In base 9, what is 111 - 4521?
-4410
In base 14, what is -70 + 372?
302
In base 14, what is 425 + -9?
41a
In base 11, what is 2664708 + -5?
2664703
In base 5, what is 44432 - -31?
100013
In base 16, what is -1a7bf - -c?
-1a7b3
In base 13, what is 10 - -534a?
535a
In base 12, what is 25 + 190?
1b5
In base 5, what is -21 + -100234?
-100310
In base 6, what is -3 - 4023423?
-4023430
In base 9, what is 146151 - -3?
146154
In base 3, what is -22211200101 + 0?
-22211200101
In base 2, what is 100 + -11011000011001001000?
-11011000011001000100
In base 10, what is -4 - -133024?
133020
In base 5, what is 21 + 3123122?
3123143
In base 9, what is -8337 - -831?
-7406
In base 10, what is 4 + 53338?
53342
In base 7, what is -3652 + 53?
-3566
In base 11, what is 73204 - -15?
73219
In base 3, what is -10111210110 - -22?
-10111210011
In base 8, what is -7 + 616?
607
In base 4, what is -3 - -3232022?
3232013
In base 4, what is -121301300 - -1?
-121301233
In base 6, what is -1202553 + 2?
-1202551
In base 14, what is 3 + 295cc5?
295cc8
In base 6, what is 5 - -204233?
204242
In base 7, what is 3 + 2520504?
2520510
In base 2, what is -1001010010000110001 + -1100?
-1001010010000111101
In base 11, what is 1a424 + -131?
1a2a3
In base 2, what is -101 + 100100000000110?
100100000000001
In base 13, what is 5bb - 34?
587
In base 10, what is -1456 - 1311?
-2767
In base 5, what is -133122 - 0?
-133122
In base 4, what is 221223 + -1322?
213301
In base 3, what is 122100 - 11000211?
-10101111
In base 16, what is 1ac - -80c?
9b8
In base 8, what is -2 - -5015271?
5015267
In base 3, what is -11011102 - 1212?
-11020021
In base 3, what is 112 - -122121022?
122121211
In base 13, what is -2883 + -6?
-2889
In base 10, what is -2 - -75732?
75730
In base 11, what is -1128967 + -2?
-1128969
In base 12, what is -6 - 790a?
-7914
In base 11, what is -12 - -1024?
1012
In base 3, what is -1011100021111 + -100?
-1011100021211
In base 7, what is -142001 - -25?
-141643
In base 2, what is 11011000 + 11101111?
111000111
In base 8, what is 7550 + -26?
7522
In base 9, what is 2585 + 3?
2588
In base 9, what is -3260 - 36?
-3306
In base 9, what is 1117 - 186?
821
In base 13, what is -45 + -29?
-71
In base 3, what is -12 - 11111121020?
-11111121102
In base 2, what is -11 + -1111111011?
-1111111110
In base 14, what is 3 - c44c?
-c449
In base 16, what is -abbb - -1?
-abba
In base 13, what is 329116 - -4?
32911a
In base 2, what is -10101 - -1101000111?
1100110010
In base 6, what is 2542 - 24235?
-21253
In base 14, what is 882 - 7?
879
In base 12, what is -2 + -591a?
-5920
In base 7, what is -15152 + -41?
-15223
In base 9, what is 831022 - -5?
831027
In base 13, what is -201 + 123?
-ab
In base 9, what is -13 - 13862?
-13875
In base 6, what is -5 - -123343?
123334
In base 13, what is bc4c9 - 3?
bc4c6
In base 11, what is 459 + 24?
482
In base 14, what is -43 - c70?
-cb3
In base 2, what is 110010011011 + -111001?
110001100010
In base 16, what is -1630b + -4?
-1630f
In base 15, what is 15938 + -4?
15934
In base 6, what is -1241500 + -1?
-1241501
In base 6, what is -45253 - 20?
-45313
In base 5, what is -1001 + -11300?
-12301
In base 15, what is -36e0 + 4?
-36db
In base 15, what is -48e0c - 3?
-48e10
In base 7, what is 23 + 50?
103
In base 5, what is -11110000 + 12?
-11104433
In base 10, what is 3 + -64712?
-64709
In base 3, what is 20101102 + -120?
20100212
In base 6, what is 105324 - 113?
105211
In base 11, what is 12099 - -7?
120a5
In base 7, what is 6613 + 11?
6624
In base 11, what is a7402 + -5?
a73a8
In base 5, what is 4242 + 4144?
13441
In base 16, what is 86 + 1be?
244
In base 10, what is 7 + -5065?
-5058
In base 14, what is 13a1bd + 4?
13a1c3
In base 15, what is -26035 - 4?
-26039
In base 5, what is -1 + 11343030?
11343024
In base 12, what is -12 + 3a88?
3a76
In base 10, what is 5 + -20156?
-20151
In base 2, what is 10 + 11001100110011011?
11001100110011101
In base 9, what is -34 - 21006?
-21041
In base 9, what is 1 - 282835?
-282834
In base 8, what is 226765 + -6?
226757
In base 13, what is 37 + 858?
892
In base 16, what is -8a + -1394?
-141e
In base 8, what is -67711 - -2?
-67707
In base 8, what is -7 + -1175607?
-1175616
In base 16, what is 3 + 71748?
7174b
In base 13, what is -5c66 + 1?
-5c65
In base 16, what is -98 - 1e9?
-281
In base 9, what is -366751 - -1?
-366750
In base 11, what is -98 - -339?
251
In base 9, what is -2760 + 13?
-2746
In base 9, what is 177 + 75?
263
In base 13, what is -468 - -82?
-3b6
In base 15, what is -c + -d000a?
-d0017
In base 11, what is 2 + -4005?
-4003
In base 3, what is -20110 + -102122?
-200002
In base 15, what is 830e - -74?
8383
In base 10, what is 58 - 8246?
-8188
In base 14, what is -12 - 512?
-524
In base 9, what is 24453 + -178?
24264
In base 7, what is 1 + -3621?
-3620
In base 10, what is 5 + 11981?
11986
In base 2, what is -10 - 10100001000101?
-10100001000111
In base 8, what is 4 + 3412?
3416
In base 9, what is 0 - -1738?
1738
In base 9, what is 27 - -4625?
4653
In base 14, what is -3 + 7712?
770d
In base 15, what is -314d + -c?
-315a
In base 2, what is 1011 - -1100001000111011?
1100001001000110
In base 7, what is -41623 - -206?
-41414
In base 15, what is -5 + 114ec9?
114ec4
In base 3, what is 1101 + -2021201?
-2020100
In base 7, what is -3 + -2016?
-2022
In base 16, what is 383abe - -2?
383ac0
In base 2, what is -10111110110001 + 100111?
-10111110001010
In base 12, what is 3a8 + 45?
431
In base 13, what is 7 - 47b40?
-47b36
In base 6, what is 11302 + -151?
11111
In base 5, what is -10424244 - 4?
-10424303
In base 8, what is 72 + 31115?
31207
In base 14, what is 8 - -1482?
148a
In base 3, what is -12010 + -1200?
-20210
In base 13, what is -72 - -798c?
791a
In base 10, what is 717 - -2061?
2778
In base 8, what is 14344 - -10?
14354
In 